ermine b(-5).
8
Let k(v) = v**2 - 4*v - 5. Let h be k(5). Let r(w) be the first derivative of -w**3/3 - w**2/2 + 5*w + 8. What is r(h)?
5
Let q = 5 - -15. Let y(n) = -8*n**2 + 7*n + q*n**3 - 33*n**3 + 14*n**3. Determine y(7).
0
Suppose 0 = 6*a - 16 - 32. Let f(r) = -r**3 + 8*r**2 + 2*r - 7. Determine f(a).
9
Let x(t) be the first derivative of -4*t**2 - t - 8. What is x(-1)?
7
Let h(c) = -5*c**2 + 6*c + 6. Let m(z) = 5*z**2 - 5*z - 5. Let q(j) = 4*h(j) + 5*m(j). Determine q(-1).
5
Suppose 5*k = 4*n + 29, 0 = -k + 5*n - 0 + 10. Suppose -2*f = -k*c + 2*f + 12, -4*c = -3*f - 9. Let a(m) = c + 6 + 2 - m. What is a(0)?
8
Let k(z) be the second derivative of z**4/12 - z**3/6 + z**2 + z. Suppose -44*w + 48*w = 0. Calculate k(w).
2
Suppose 2*n - 6*n - 12 = 0. Let i(v) = -2*v - 44 + 10*v + 3*v**2 + 12. Let o(j) = -j**2 - 3*j + 11. Let h(k) = n*i(k) - 8*o(k). Determine h(0).
8
Let l(m) = 7*m**2 - 12*m - 6. Let o(b) = -8*b**2 + 13*b + 7. Let p(r) = -7*l(r) - 6*o(r). Determine p(5).
5
Let n(m) = 4*m - 1. Suppose 3*q + q = 4. Give n(q).
3
Let w(y) be the first derivative of y**2 + 2. Let i(c) = -c**3 + 8*c**2 + c - 9. Let l be i(8). Give w(l).
-2
Let p(s) = -7*s + 13. Let g = -11 + 20. Let o(k) = -3*k + 6. Let b(f) = g*o(f) - 4*p(f). Give b(5).
7
Let c(s) be the third derivative of s**4/6 - s**3/6 + 2*s**2. Let b(w) be the second derivative of -w**3/3 + 3*w**2/2 + 4*w. Let n be b(2). Calculate c(n).
-5
Suppose j = -4*a + 12, -3*a - 5 = -11. Let d(r) = 5 - 32*r + 36*r + j*r**2 - 5*r**2. Calculate d(4).
5
Let k(p) = 67 - 67 + p. Determine k(0).
0
Let z(v) = -v + 1. Let h(f) = 5*f - 6. Let a(c) = -h(c) - 6*z(c). Let i(y) = 2*y + 5. Let k(s) = a(s) - i(s). Determine k(0).
-5
Let c(m) = -3*m - 7. Suppose -5*p - o = -3*p + 11, 0 = 5*p - 2*o + 23. What is c(p)?
8
Let p(j) be the second derivative of -j**4/12 - j**3/3 - j**2 - 5*j + 4. Calculate p(-2).
-2
Let i(z) = -51*z + 24*z + 1 + 6 + 24*z. Give i(6).
-11
Let j(t) = -5*t**2 + 5*t - 5. Let w(c) = 3*c**2 - 3*c + 2. Let l(u) = 4*j(u) + 7*w(u). What is l(0)?
-6
Let v(n) = 2 + 0*n - 7 + 4*n. Determine v(4).
11
Suppose v = 2 - 7. Let n = 1 + 1. Let a(x) = -x - n + 4 + 4 - 4. Calculate a(v).
7
Let g(k) be the first derivative of k**3/3 - 3*k**2 + 3*k + 57. Calculate g(4).
-5
Let i = 8 + -6. Let q(r) be the first derivative of -2/3*r**3 + 3*r - r**2 + 4. Calculate q(i).
-9
Let q(j) = -j**2 - 6*j - 2. Let y = 25 - 31. What is q(y)?
-2
Let x(u) = -5 + u**2 + 3 + 3 + 2*u**2. Let i = 1 - 1. Suppose i = 3*k - 3 - 0. Determine x(k).
4
Let n be (-5)/20*(-3 - (28 + -3)). Let z(s) = -s**2 + 8*s - 2. What is z(n)?
5
Let y(a) be the second derivative of a**2 + 0 - 1/12*a**4 - 1/2*a**3 + 2*a. Let p = -2 + -2. What is y(p)?
-2
Let w(r) = 5*r**2 - 2*r**3 - 11*r + 9*r - 2*r**2. Give w(2).
-8
Let l(n) = 30*n + 6. Let k(m) = -6*m - 1. Let w(q) = 11*k(q) + 2*l(q). Give w(-1).
7
Let g(i) = -2*i. Let n(t) = -t**2 - 17*t + 22. Let h be n(-18). What is g(h)?
-8
Let a(n) = -n**2 + 14*n - 3. Let j be 5 - (-3 - 0)*3. Calculate a(j).
-3
Let u(y) be the first derivative of 2*y + 0*y**2 - 3 - 1/3*y**3. Let f(l) be the first derivative of u(l). Calculate f(-4).
8
Let h(g) be the first derivative of 0*g + 3/2*g**2 - 1/3*g**3 + 3. Determine h(3).
0
Let v(x) = x + 7. Let w be 0 + 0 + (-2)/(-1). Let c be w + 10/(-1) + 3. Give v(c).
2
Let w(b) = -b**3 + 8*b**2 + 8*b + 13. Let o be w(9). Let r(j) = -o*j + 2*j**3 - 1 - j**3 + 3*j. Determine r(2).
5
Let k(y) be the first derivative of -5/2*y**2 - 4*y + 1/3*y**3 - 1. Let q be k(5). Let j(f) = f**3 + 3*f**2 - 7*f - 5. Give j(q).
7
Let o be 3/1 - (8 - 3 - 3). Let b(k) = 9*k + 1. What is b(o)?
10
Let l(r) = -2*r. Let k(n) = n**2 + 9*n + 7. Let u be k(-8). Determine l(u).
2
Let h = -4 - -2. Let k be -2 + 6/h - -2. Let t(l) = l**2 + 2*l - 1. Give t(k).
2
Let d(f) be the second derivative of f**3/6 + f**2/2 + 31*f. Determine d(3).
4
Let w be (-5)/(2/2 - 0). Let n(x) = -x**2 - 8*x - 4. Calculate n(w).
11
Suppose 0 = k + k - 4. Let x(g) = -5*g - 2. Let n(w) = 26*w + 11. Let u(r) = -4*n(r) - 22*x(r). Calculate u(k).
12
Let w = 0 + -3. Let y(g) = -2*g - 5. Let x(j) = j + 4. Let v be 10/(-4) - (-2)/4. Let p(q) = v*y(q) - 3*x(q). Determine p(w).
-5
Let b(f) be the second derivative of -f**4/12 - 7*f**3/6 - 3*f**2 - f. Let o be (-2)/1*(2 - (-3 + 3)). What is b(o)?
6
Let b(t) be the third derivative of -t**6/120 + t**5/15 - 5*t**4/24 + 2*t**3/3 + 2*t**2. Let s be 5 + 1 + 0/(-1). Suppose -5*j = -21 + s. Calculate b(j).
-2
Let l(q) = -1 - 4 + 4. Let o(f) = f**3 + 4*f**2 - 5. Let w(p) = 2*l(p) - o(p). Determine w(-4).
3
Suppose 4*x - x + 4*i = -24, 26 = -5*x - 2*i. Let o = 7 + x. Let k(q) = 1 - o*q**3 - 2*q + 2*q**3 + 2*q**3. Calculate k(1).
0
Let y(v) = v**3 - 10*v**2 + v - 4. Let p be y(10). Let d(c) = c**2 - 7*c + 11. Calculate d(p).
5
Let s(h) = 3*h - 6. Let t(q) = 3*q - 7. Let i(g) = -4*s(g) + 3*t(g). Let l(x) = -3*x + 3. Let n(o) = 6*i(o) - 7*l(o). Suppose -3*w + 6 = -0*w. Calculate n(w).
3
Suppose -2*t - 10 = -7*t. Suppose o + 0 = t. Let u(k) = 7*k - 6*k - 1 + 0. Give u(o).
1
Let r(q) be the second derivative of 3/2*q**2 - 7*q - 1/3*q**3 + 0. Let g = -11 + 8. Determine r(g).
9
Let l(k) = 2 + 1 + 0 + k**2 - 1. Let y(a) = -a + 1. Let w = 1 - 2. Let u be y(w). Give l(u).
6
Let o(s) be the second derivative of -6*s + 1/12*s**4 + 0 + 0*s**3 - 1/2*s**2. Suppose 5*b + 1 = 3*b - m, -3*b - 4*m - 14 = 0. Give o(b).
3
Let g(f) be the second derivative of -f**4/12 + 2*f**3/3 + f**2/2 - 3*f. Let l(b) = 4*b**2 - 11*b - 3. Let t(v) = 7*g(v) + 2*l(v). Give t(-6).
1
Let j = 112 + -107. Let v(o) = o + 1. Let w(u) = -10*u - 8. Let h(a) = -8*v(a) - w(a). Give h(j).
10
Let x(b) be the third derivative of -b**4/24 + b**3/6 + 8*b**2. Let p(h) = -h**2 - 11*h - 3. Let u(w) = -p(w) + 4*x(w). Give u(-6).
1
Let p(s) = 8*s. Let v(b) = -4*b. Let r(h) = -2*p(h) - 5*v(h). Let y(a) = a**3 + 6*a**2 - 4*a + 22. Let z be y(-7). Calculate r(z).
4
Let c(o) = 3*o**2 - o + 4. Let r(z) be the second derivative of -z**4/12 - z**3/6 - z. Let u(p) = c(p) + 2*r(p). Let d be (-1 + 0)/((-1)/3). What is u(d)?
4
Suppose -f = -3*f. Let j(h) = 0*h**3 + f*h**2 + 2 + 0*h - h**3 + h**2 - h. Give j(2).
-4
Let f(p) = 3*p**2 - 7. Let w(t) = 2*t**2 - 6. Suppose -z - 29 = 5*l - 4*z, 3*l - z = -15. Let b(h) = l*w(h) + 3*f(h). Calculate b(0).
3
Let b(m) = -3*m**3 + 5*m**2 - 20*m + 29. Let t(y) = -y**3 + 2*y**2 - 7*y + 10. Let h(a) = -6*b(a) + 17*t(a). Give h(-4).
-8
Suppose 0*d + d = 3*s, -4*d + 5*s = 0. Let h = -28 - -30. Let a(l) = d*l + 3*l - h*l. Calculate a(-2).
-2
Let y(o) = -5*o**2 + 2 + 4*o + 9*o**2 - 7. Let u(g) = -3*g**2 - 4*g + 4. Let i(v) = 3*u(v) + 2*y(v). What is i(-4)?
2
Let x = 12 + -8. Suppose x - 1 = b. Let f(h) = 2*h - b - h - 2*h. Determine f(0).
-3
Suppose -7*j - 10 = -17*j. Let v(n) = -10*n**3 + n**2 - 1. Determine v(j).
-10
Let f(d) = d**3 - 5*d**2 + d + 6. Let h be f(4). Let t(z) = z**3 + 7*z**2 + z - 7. Give t(h).
23
Let a(m) = -m. Let p be ((-12)/5)/(6/(-75)). Suppose -5 + p = -5*y. Let c be ((-8)/y)/((-4)/(-10)). Determine a(c).
-4
Let w be 2/3 + (-39)/(-9). Let n(a) = -a**2 + 2*a - 3. Let g(k) = 6*k + 3 - 5*k**2 + 3*k - 19. Let s(b) = -2*g(b) + 11*n(b). Determine s(w).
-6
Suppose 2*o + 2*o = -5*d + 12, 5*o = -2*d + 15. Let t(p) = -o*p - p + 4*p - 2 + p. Calculate t(-4).
-6
Let d be (-3)/(-18) + (-58)/(-12). Let p(n) = 2*n + 4 - d*n - 2*n**2 + 0*n. Calculate p(-3).
-5
Let n(t) be the second derivative of t**3/3 + 2*t**2 - t. Let f = -21 - -26. Suppose 0 = q - r + f, 3*q - 4*r + 10 = -7. What is n(q)?
-2
Let r(m) = -1 - 2*m + 11*m + 0. Determine r(-1).
-10
Let s = -10 + 15. Let i(r) be the first derivative of 4/3*r**3 + 2 + 3/2*r**2 + 7*r - 1/4*r**4. Give i(s).
-3
Let q(y) be the third derivative of -y**5/60 + y**4/4 - 5*y**3/6 - 3*y**2. Give q(5).
0
Let x(t) be the second derivative of t**3/6 + 2*t. Let q be x(-1). Let c(m) be the first derivative of 3*m**4/4 + m**2/2 + m - 1. What is c(q)?
-3
Let i be ((-5)/30 - 0) + 17/(-6). Let m(l) = 6*l - 2. What is m(i)?
-20
Let v(g) = -2*g**3 + 6*g**2 + 3. Let m(j) = -4*j + 3. Let r be m(2). Let p(z) = 3*z**3 - 11*z**2 - z - 6. Let w(b) = r*v(b) - 3*p(b). Determine w(-2).
1
Let h(b) = -6*b**3 - b**2 - 2*b - 1. Suppose -8 + 3 = 5*l. Calculate h(l).
6
Suppose -2*f + 7*f = -5. Let n be -1 - -1 - 0/f. Let j